Let v be m(-1). Let n = 67 + v. List the prime factors of n.
2, 3, 7
Let u(j) = -j**3 - 3*j**2 - 2*j. Let d be u(-2). Suppose d = 3*g - 8*g + 45. What are the prime factors of g?
3
Let d = -105 + 153. What are the prime factors of d?
2, 3
Suppose 9 = -q + 62. List the prime factors of q.
53
Suppose 4*r - 8*r = -1172. What are the prime factors of r?
293
Suppose 0 = -5*j + j + p + 5, 4*j - 6 = 2*p. Let q = 3 - j. List the prime factors of q.
2
Let t(l) = -2*l**2 + 2*l + 1. Let p be t(2). List the prime factors of (-3)/(1*p/6).
2, 3
Suppose 3*u - 6*u = -5*j + 71, 20 = 2*j + 3*u. Let g = 29 - j. List the prime factors of g.
2
Let l(c) = -c**3 + 7*c**2 - c + 7. Let y be l(7). Suppose -3*z + 3*m = -3, -m = m - 6. Let j = y + z. List the prime factors of j.
2
Suppose 0 = 4*w + 3*h - 4*h - 6, -5*w + 2 = -4*h. Let k be (0 + 6)/(3/w). Suppose 0 = -k*x + 4, -36 = -4*a + 5*x - 13. What are the prime factors of a?
7
Suppose 6 - 2 = 4*z, -4*d - z + 449 = 0. List the prime factors of d.
2, 7
Let l(d) = 5*d**2 + 2*d + 3. Suppose -n = 4 - 2. What are the prime factors of l(n)?
19
Let u = 8 + -8. Suppose 5*y - 11 + 1 = u, 3*d - 2*y - 38 = 0. List the prime factors of d.
2, 7
Suppose 5*p - 2*p = 0. Suppose 0 = -p*a + 4*a - 28. List the prime factors of a.
7
Let t(l) = l + 7. Let u be t(-6). Let d(y) = 3*y + 1. Let a be d(u). What are the prime factors of a*((-22)/(-8) + 0)?
11
Let j be 3 + 0 - 0/(-4). Suppose -5*g - 90 = -5*b, -b - j*g + 38 = g. List the prime factors of b.
2, 11
Let g(x) = 11*x. Let v = -4 - -4. Let r = 1 + v. What are the prime factors of g(r)?
11
What are the prime factors of (14/21)/(2/48)?
2
Let i be 0 + (-8)/4 + 6. Suppose 5*n - y = 58, -1 = -3*n + 4*n + i*y. What are the prime factors of n?
11
Suppose -10 + 30 = 4*h. Suppose -2*z = -3*w + 5*w - 20, -3*w = -4*z + h. Suppose -w + 2 = -t. What are the prime factors of t?
3
Let i be (3 - -6)*(1 - 4). Let y = 45 + i. Let d = -12 + y. List the prime factors of d.
2, 3
Suppose -2*y + 7*y = 0. Suppose u + y = -2. List the prime factors of u/(-6) + (-204)/(-9).
23
Suppose 2*h = 2*d - 1 + 5, 0 = -5*h - 3*d - 6. Suppose h*n = -n. Suppose -a + 4*a - 9 = n. What are the prime factors of a?
3
Let p = 250 + -175. What are the prime factors of (8/20)/(3/p)?
2, 5
Suppose -4*b + 2*b = -8. Let f be (-4)/14 + b/14. Suppose f = 5*k + 4 - 14. What are the prime factors of k?
2
Let y = -53 + 51. Let w be 4*(0 - 1)/1. What are the prime factors of (w/6)/(y/27)?
3
What are the prime factors of 100/1 + (-6)/(0 + 6)?
3, 11
Let y(o) = o**2 + 3*o + 4. What are the prime factors of y(-7)?
2
List the prime factors of 2*(-3 + 2)*-73 - 4.
2, 71
Let f = -252 - -367. Suppose -12*u + f = -7*u. List the prime factors of u.
23
Suppose g - 250 = -3*i, 4*i + 117 = 3*g - 646. What are the prime factors of g?
11, 23
Suppose 4*l = -0*l - 4, l = 5*i + 29. Let m(j) = -4*j + 10. List the prime factors of m(i).
2, 17
Suppose 5*i + 0*i = v + 5, -3*i - v = -3. Let w be 2/1 - (i - 3). Suppose 3*d = 2 + w. What are the prime factors of d?
2
Let g(p) = -p**2 - 11*p + 12. Let m be g(-10). Suppose 14 + m = q. List the prime factors of q.
2, 3
What are the prime factors of -1 - ((-2)/(-2))/((-6)/612)?
101
Suppose 0 = n + 9 - 51. Suppose 0 = -3*h - 2*r + 29 + 8, 3*h - n = -3*r. What are the prime factors of h?
3
Let a(d) be the third derivative of d**5/3 - d**4/12 + d**3/6 - d**2. Let x be ((1 - 3)/1)/(38/(-19)). List the prime factors of a(x).
19
Suppose -12 = 3*d, 5*y - 7*d = -2*d - 10. Let l = y - -6. Suppose 3*c - 16 = -2*w, 6*w - 2*w - 2*c = l. What are the prime factors of w?
2
Suppose -156 = -4*g + 156. Let s = -51 + g. What are the prime factors of s?
3
Let q = 3 + -5. Let c = 5 + q. Suppose -2*r + 10 = 3*t, 3*t = c*r + 23 + 7. List the prime factors of t.
2, 3
Let p(y) = -y**3 - y**2 - y - 1. Let s be p(-2). Suppose s*m + 6 = 76. List the prime factors of m.
2, 7
What are the prime factors of (0 + 138/(-15))*-5?
2, 23
Suppose i = -3*i + 8. Let w = i + 10. List the prime factors of w.
2, 3
Let k be 4 - 3/(9/6). Suppose -o + 7 = m, -k*m - 3*m - 2*o + 26 = 0. Suppose 2*d + 0*d = m. List the prime factors of d.
2
What are the prime factors of (9/(-6))/((-2)/4)?
3
Suppose 3*d = 27 + 15. Suppose -5*j + 22 = 4*r, -7 = -3*j - 5*r + d. List the prime factors of -2*(1 - 9/j).
7
Let x = -159 - -224. Suppose o + 4*o = x. Let h = o + -7. What are the prime factors of h?
2, 3
What are the prime factors of 1 + 6/3 + 25?
2, 7
Suppose -2*o = -5*o + 9. Suppose 0 = -3*x - o, -6*t + 159 = -t + x. Suppose -t = -5*a + 43. What are the prime factors of a?
3, 5
Suppose 1 + 44 = 3*p. Suppose x + 2*x = p. Suppose -c + 28 = -2*g + 7*g, -x*c = -g - 10. What are the prime factors of c?
3
Let u = 248 + -107. What are the prime factors of u?
3, 47
Let w be (-1)/2*0 - -1. Let z be (-27)/(-12) + 1/(-4). List the prime factors of (z/w)/(6/9).
3
Let r = -7 - 0. Let q = 0 - r. List the prime factors of q + (0 + 0)/(-1).
7
Let t = 17 - 14. Suppose 0 = 2*c + t*c - 110. What are the prime factors of c?
2, 11
Suppose -2*j - 2*j - 364 = -4*s, -j + 3*s = 99. What are the prime factors of (-2)/5 + j/(-5)?
17
Let h = 28 - 24. Suppose -3*k + 175 = -h*a, 2*a - 8 = 4*a. List the prime factors of k.
53
Suppose -f = -2*f + 59. What are the prime factors of f?
59
Suppose -2*g - 4*p + 6 = -g, 0 = -2*g + 5*p + 12. Suppose -4*b - g = -5*b. What are the prime factors of b?
2, 3
List the prime factors of ((-1702)/(-6) - 3) + 3/9.
281
Let c = 29 - -229. What are the prime factors of c?
2, 3, 43
Let y = 2 - -1. Suppose 0 = 4*p, 8*x - 115 = y*x + 5*p. What are the prime factors of x?
23
Let w(a) = -2*a + 7. List the prime factors of w(-14).
5, 7
Suppose 5*s - 6 = 4. Suppose -s*a - 70 = 2*g + 80, 3*a + g + 223 = 0. List the prime factors of a/(-10) - 2/5.
7
Let n(m) = 7*m**2 + m. Let v be n(-1). Suppose -19*l + 3 = -20*l. List the prime factors of l + v - -3 - -2.
2
Let v(k) = 11 + 6*k**2 - 2*k**3 - 4 + k**3 + 3*k - 2*k. What are the prime factors of v(6)?
13
Let m(f) = f**2 + 7*f + 8. Suppose 0 = 3*l - 7*l - 24. Let r be m(l). Suppose 5*i = -4*w - r, 2*i + 0*i + 5*w = -11. List the prime factors of i.
2
Let a(y) = 11*y**2 + y - 2. What are the prime factors of a(2)?
2, 11
Let b(t) = t + 5. Let w be b(4). Suppose 2*m + 12 = -m. Let l = m + w. What are the prime factors of l?
5
What are the prime factors of 1/3 + (-256)/(-6)?
43
Let t(r) = 31*r**2 - r + 2. List the prime factors of t(1).
2
List the prime factors of ((-1840)/25)/((-6)/15).
2, 23
Let y = 28 + -4. Suppose 0 = -0*u + 4*u + y. List the prime factors of (-8)/12 - 88/u.
2, 7
Let c = -5 - -8. List the prime factors of c.
3
Let y(l) = 63*l**2 + 3*l + 1. What are the prime factors of y(-1)?
61
Suppose -9*m = -6*m + 3*a - 357, -2*m - 3*a + 243 = 0. What are the prime factors of m?
2, 3, 19
Let c = 16 + -12. Let f be 98/4 - 3/(-6). Suppose -c*v + f = 9. List the prime factors of v.
2
Let u(l) = l**2 + 8*l + 12. List the prime factors of u(-8).
2, 3
Suppose -4*j + 163 = -45. Suppose 4*x - 32 = 4*s + 4, -5*s - j = 2*x. Let y = 17 + s. List the prime factors of y.
7
Let h be 0 - (-3 + 3 + -41). Let m = -7 + h. What are the prime factors of m?
2, 17
Suppose 36 = y - 3*g - 1, -y - 3*g = -43. What are the prime factors of y?
2, 5
Suppose -4*p + 6*p = -2. Let n = 1 + p. Suppose n*r + 9 = r. What are the prime factors of r?
3
Let j(u) = 85*u**2 - 3*u + 2. What are the prime factors of j(1)?
2, 3, 7
Suppose -n - 124 = 3*n. Suppose 4*a = 2*p + 182, 4*p - p = 3*a - 144. Let z = a + n. What are the prime factors of z?
2, 3
Let m = 11 - 7. Let j = -3 + m. List the prime factors of (j/(-2))/(4/(-96)).
2, 3
Let w(d) = -7*d + 2. Let u be w(-6). Suppose -4*r = -3*c + 33, -4*c - r + 2*r = -u. What are the prime factors of c?
11
Suppose 4*b - 12 = -2*b. Let n(p) = 11*p**2 + 3*p - 1. What are the prime factors of n(b)?
7
Suppose -191 = -6*d + 325. What are the prime factors of d?
2, 43
Let a(l) = 2*l**2 - 9*l + 4. Let y be a(6). Suppose 2*r - y = -0*r. Suppose 2*h - 3*g - r = 15, 2*g + 29 = 3*h. List the prime factors of h.
7
Suppose -2*d = 2, -d + 63 = -2*s - 4*d. Let l = 51 + s. What are the prime factors of l?
3, 7
Let r = 354 - 100. What are the prime factors of r?
2, 127
Suppose -n - 8 = -5*n. Let v(c) = -8*c + 6*c**2 + 14*c**3 + 4*c**n + 5 - 15*c